f h(t)?
2, 3, 37
Suppose 0 = 3*w + 3 - 15. Let s = -362 - -501. Suppose 134 = m - w*o, -m + 0*o + s = -3*o. What are the prime factors of m?
2, 7, 11
Let s(a) = -52*a**2 + a + 10. Let b be s(3). Let t = 322 - b. List the prime factors of t.
3, 7, 37
Suppose 3*u - 174*r - 45585 = -177*r, 2*u = -5*r + 30372. List the prime factors of u.
3, 563
Suppose -3*c + 6*y - 5*y + 37362 = 0, 0 = -c + 4*y + 12432. List the prime factors of c.
2, 3, 173
Let v(l) = -l**3 - 7*l**2 + 5*l. Let h be v(-5). What are the prime factors of 14/105 + (-33590)/h?
2, 7
Suppose h - 905 = 4*y, h + 5*y + 3631 = 5*h. List the prime factors of (-10 - -2) + 4 + h.
5, 181
Let b = 13724 + -1151. List the prime factors of b.
3, 11, 127
What are the prime factors of 602/430*(-3 - -41938)?
7, 8387
What are the prime factors of 9465 - (-20 - 1/1)?
2, 3, 17, 31
Let i(h) = -775*h + 1881. What are the prime factors of i(-12)?
3, 3727
Suppose -4*w - 548 - 492 = 0. Let x(i) = 3*i**2 + 41*i - 12. Let p be x(-7). Let s = p - w. List the prime factors of s.
2, 3
Let v(z) = -6*z**3 - z**2 + 2*z - 1. Suppose -9 + 4 = -5*y. Let w be v(y). List the prime factors of 2/(-6) + (-572)/w.
5, 19
Let x be (-2)/((-8)/(-3)) - 4005/36. Let c = -79 - x. Let v = c + -31. List the prime factors of v.
2
Let y = 56706 + -32851. List the prime factors of y.
5, 13, 367
Let p = 378 + -372. Suppose -577 = -p*o - 85. List the prime factors of o.
2, 41
Let t = 22787 - 15392. What are the prime factors of t?
3, 5, 17, 29
Suppose -169*f - 39965 = -3*v - 171*f, -2*v + 2*f = -26640. What are the prime factors of v?
7, 11, 173
What are the prime factors of -4 + 6 + (2 + -8 - 2) + 21853?
7, 3121
Let r(x) = -4*x - 36. Let s be r(-10). Suppose -7*w - s = -9*w. Suppose -5*n = -w*n, 5*n = 5*o - 400. What are the prime factors of o?
2, 5
Let d(u) = -u. Let r(x) = -55*x + 22. Let j(g) = -5*d(g) + r(g). What are the prime factors of j(-7)?
2, 3, 31
Let g(d) = 385*d + 263. Let s(v) = 128*v + 87. Let i(n) = -6*g(n) + 17*s(n). List the prime factors of i(-11).
5, 11
List the prime factors of ((-9564)/8)/((-7)/(-10) + -1).
5, 797
Let f(u) = 187*u**2 - 229*u - 37. List the prime factors of f(8).
10099
What are the prime factors of (-1930863)/(-24) + 477/1272?
43, 1871
Suppose 2*z + 3*r = -5883, 6*z - r + 8852 = 3*z. Let p = -2034 - z. List the prime factors of p.
3, 5, 61
Let v = 346 - 2557. Let f = v + 3335. What are the prime factors of f?
2, 281
Let w(u) = -15*u**2 - 15*u + 10*u**2 + u**3 + 4*u - 2. List the prime factors of w(9).
223
List the prime factors of (45/(-20))/9 + (-522643)/(-44).
2, 5939
Suppose 5*j = 2*d + 7086 - 17391, 2*j + 2 = 0. What are the prime factors of d?
2, 5, 103
Suppose -61 + 67 = 3*b, 1692 = 4*p + 4*b. What are the prime factors of p?
421
Let c = 16054 - 4739. List the prime factors of c.
5, 31, 73
Let s(y) = -y**3 + 9*y**2 + 23*y - 7. Let u = -18 + 29. Let j be s(u). Suppose -j*n = -24 - 228. List the prime factors of n.
3, 7
Suppose 4*p + 7111 = 36891. Suppose 4*q - v - p = -1896, 2*q + v - 2767 = 0. List the prime factors of q.
2, 3, 7, 11
Let w be (-1 - -34)*6*4/9. Let r be ((-13)/(-26))/(1/276). Let u = r - w. List the prime factors of u.
2, 5
Let n be (-33)/(-9) + 10/(-6). Let g be ((-136)/(-16))/((-1)/n). What are the prime factors of (-2)/(-9)*(1 - g)?
2
Let h(b) = 5*b**3 + b - 4 + 3 + b + 3*b**3 - b**2. What are the prime factors of h(1)?
2
Let u be (-1)/4 + (-8)/((-128)/244). List the prime factors of 4708/8 + u/(-6).
2, 293
Let p(g) = 190*g + 2789. What are the prime factors of p(22)?
3, 23, 101
Let w(c) = 6*c**2 - 230*c + 235. What are the prime factors of w(60)?
5, 1607
List the prime factors of ((-145)/29)/(10/(-12398)).
6199
Let a(b) = b**3 + 86. Let r be a(0). Suppose 0 = 21*o + 45*o - 132. Suppose o*u + 60 = r. What are the prime factors of u?
13
Let f(m) = -m**3 + 105*m**2 - 390*m - 284. List the prime factors of f(92).
2, 59, 313
Suppose -3*h - 206 + 236 = 0. Let o(c) = 9*c**2 + 4*c - 40. List the prime factors of o(h).
2, 3, 5
Let q(b) be the third derivative of -2*b**2 + 7/24*b**4 - 7*b - 47/6*b**3 + 0. What are the prime factors of q(19)?
2, 43
Let b be -75*((-8)/6)/(70/1512). Let w = b - 1492. What are the prime factors of w?
2, 167
Let c be 3 - (-4)/(-4 + 0) - 6. What are the prime factors of (c/3)/((-103)/102 - -1)?
2, 17
Suppose 39133 = -3*z + 6*z + r, 5*z - 65211 = r. What are the prime factors of z?
13043
Let c = 102 + -47. Let a be (-288)/(-30) - (-6)/15. Suppose 0 = -5*v + c - a. List the prime factors of v.
3
Let p = -3 - -4. Suppose a - 3 = p, -338 = 2*v + 4*a. Let f = -54 - v. What are the prime factors of f?
3, 41
Let d = 62572 - 20114. What are the prime factors of d?
2, 13, 23, 71
Suppose -67*d - 90*d + 11031015 = 40*d. What are the prime factors of d?
3, 5, 3733
Suppose 1030 = 2*c + 1026. Suppose -c*g = -0*g - 2318. List the prime factors of g.
19, 61
Suppose -4*d = -4, 77 = x - d - 27. Let y = 191 + x. List the prime factors of y.
2, 37
Suppose 0 = 2*s - 8, -7 = -2*a + a + 4*s. Let t = 26 - a. Suppose -t*o = -o - 286. What are the prime factors of o?
11, 13
Let l be (48/12)/(-6 - -2). Let q(w) = 1349*w**2 + 4*w + 2. List the prime factors of q(l).
3, 449
Suppose -2*i = -3*i + 35. Let r = i - 35. Suppose 6*u + r*u - 564 = 0. What are the prime factors of u?
2, 47
Suppose 7*i - 956 = 248. Let t = i - 143. List the prime factors of t.
29
Let t(q) = 73*q**3 + 16*q**2 - 114*q + 2. What are the prime factors of t(5)?
13, 53
Let m be (0 - 1701/5)*(-30 - -35). Let a = -1092 - m. What are the prime factors of 3/(-12) + (4 - a/(-4))?
2, 3, 13
Suppose -8 = 3*z + 5*o, -3*z - 2*z - 5*o - 20 = 0. List the prime factors of (-2672)/z*(-129)/(-86).
2, 167
Let i(l) = 14*l - 12. Suppose 161 = 15*g - 4. Suppose -3*s + g*s = 40. List the prime factors of i(s).
2, 29
Let h(t) = 4*t**3 + 3*t + 2. Let s be h(-1). What are the prime factors of (s/(-15))/(1/1233)?
3, 137
Suppose -u + a + 8 = 0, 4*a + 16 = 5*u - 3*u. Suppose -7*o + u*o + 462 = -3*f, 5*o = -2*f - 308. Let v = 327 + f. What are the prime factors of v?
173
What are the prime factors of 8/(-2)*(836607/12)/(-37)?
7537
Suppose 2*y + 5*b + 721 = 5*y, -2*y = 4*b - 444. Suppose 7*f + y = 3361. What are the prime factors of f?
3, 149
Suppose 2*a = -0*a + 50. Suppose g = 366 + a. What are the prime factors of g?
17, 23
Suppose 2*a - 5*p = 26, 4*a + 6*p - 32 = 11*p. Suppose f - 792 = -4*w, 2*f + 599 = a*w + 4*f. List the prime factors of w.
197
Suppose 45*y + 160 = 55*y. Let c(a) = a**3 - 15*a**2 - 5*a + 32. What are the prime factors of c(y)?
2, 13
Let a(v) = 514*v + 44. Suppose -44*g + 13 = -75. List the prime factors of a(g).
2, 67
Let v be 339301/17 + 2/17 - -5. Suppose -46*h - v = -77*h. What are the prime factors of h?
2, 7, 23
Let r(m) = -569*m**2 - 2*m - 4. Let b(a) = -2276*a**2 - 9*a - 17. Let u(f) = 6*b(f) - 26*r(f). What are the prime factors of u(-1)?
2, 571
Let b = 603 + 2826. Let k = b + -2318. List the prime factors of k.
11, 101
Suppose 3*t = 971 + 178. Suppose 139 = 6*c - t. Suppose -8*l + c = -57. List the prime factors of l.
2, 3
Let g(y) = 709*y - 43. Let s be g(2). Suppose 3*q - 3*b - 4125 = 0, -q = 4*b - 2*b - s. List the prime factors of q.
5, 11
Let x = 725 + -394. Let t = -192 + x. Suppose b + 4*u = 73, 4*u = 2*b - 43 - t. List the prime factors of b.
5, 17
Suppose 0 = -4*b + 12, 11*v + 2*b = 13*v - 4262. What are the prime factors of v?
2, 11, 97
Suppose -45 = -6*m + 5*m. Suppose y + 2*y - m = 0. List the prime factors of (-2*84/10)/((-3)/y).
2, 3, 7
Let m(f) = 18*f**3 - 131*f**2 + 825*f - 11. What are the prime factors of m(6)?
4111
Let c(z) = 15*z - 35 - 1 + 1. What are the prime factors of c(35)?
2, 5, 7
Let g(q) = -15*q - 1. Let u be g(-12). Suppose -z = -3*f - 335, -3*z + 136*f - 139*f = -993. Let b = z - u. What are the prime factors of b?
3, 17
Suppose 8*p + 5128 = 4*o, -3*p + 3791 = 3*o + 2*p. List the prime factors of o.
2, 3, 53
Suppose -2*s = 686 + 64. Let a = s + 103. What are the prime factors of (2/(-1))/(4/a)?
2, 17
Suppose -182445 = -3*g - 3*w, 93*g + 2*w + 364962 = 99*g. List the prime factors of g.
2, 7603
What are the prime factors of 4285/((70/(-10))/(-7))?
5, 857
Let a be (7/(-7) - -1)/(-3). Suppose a = -4*z - 5*b + 1955, 17*z - b = 12*z + 2422. What are the prime factors of z?
5, 97
Le